culate the remainder when c is divided by 2/(-8)*-66 - (-2)/(-4).
12
Suppose 5*y + 2*w - 134 - 130 = 0, 5*y - 266 = -3*w. Suppose y*j = 43*j + 54. Calculate the remainder when 7 is divided by j.
1
Suppose -3*n + 29295 = 2*l, n + 5*l = 8463 + 1302. What is the remainder when n is divided by 38?
37
Let q = 863 + -1746. Let w = -843 - q. What is the remainder when 279 is divided by w?
39
Suppose 201*h = 12*h - 41*h + 22540. What is the remainder when 1459 is divided by h?
87
Suppose -w + 74 = 4*z, 377*z - 382*z + 100 = 2*w. Suppose -2*u + 3*u = 0. Suppose 4*j - j = 0, 4*t + 4*j - 52 = u. What is the remainder when t is divided by w?
3
Let n(o) = o**3 + 12*o**2 - 6*o - 22. Let z = 534 - -15. What is the remainder when z is divided by n(-12)?
49
Suppose 231 = -46*i + 24*i + 33*i. What is the remainder when 600 is divided by i?
12
Suppose 3*m + 7 = -8, -2*m = 3*v - 38. Suppose -3*i - 147 = -3*x, 12*i - v = 8*i. What is the remainder when x is divided by 11?
9
Let z(k) = -11*k - 45. Let x be z(-18). Let a = x - 108. What is the remainder when 173 is divided by a?
38
Suppose -4*s = j + 7, -46*j - 3*s + 33 = -43*j. Suppose 0 = 4*u - 3*f + 71, -4*f + 84 = -5*u - 6. Let m = 43 + u. What is the remainder when m is divided by j?
12
Let i(z) = 205*z - 4502. Suppose -4*d - 2*b - 194 = -8*d, 5*d = b + 235. What is the remainder when d is divided by i(22)?
6
Suppose -7*t + 3*t = -388. Let l = -96 + t. Calculate the remainder when (l - 0)/((-20)/(-2140)) is divided by 10.
7
Suppose 10 = -9*z + 145. Let r = 5 + -10. Calculate the remainder when (-4)/r*1805/38 is divided by z.
8
Let t be (2 + -5)*5/(-2 + -3). Suppose -p = g - 20, -3*g + 28 = -t*p + 94. What is the remainder when 311 is divided by p?
17
Let t = 38248 + -37169. Calculate the remainder when 2172 is divided by t.
14
Let g(q) = -q - 1. Let n be g(-7). Let m(f) = f**2 - 11*f + 31. Calculate the remainder when (0 - -7) + -10 + (-32)/(-1) is divided by m(n).
0
Let m be (13/((-130)/(-105)))/(1/4). Suppose 0 = m*y - 25071 - 40659. What is the remainder when y is divided by 56?
53
Suppose 13*k = 26*k - 13125 - 8598. Calculate the remainder when 5024 is divided by k.
11
Suppose -3*p = -5*a - 109, -2*a + 61 = 2*p - 3*a. What is the remainder when 2574 is divided by p?
26
Suppose 3*r = 5*x + 726, 0 = -20*r + 26*r + 5*x - 1317. Calculate the remainder when 27918 is divided by r.
224
Let d = -58 + 60. Suppose 0 = d*n - 172 + 164. Suppose -n*v + 51 = -3*v - 2*a, 0 = -5*a - 25. Calculate the remainder when 158 is divided by v.
35
Let g(b) = b**3 - 10*b**2 - 8. Let p(q) = -4*q**2 - q + 5. Let x be p(0). Let v be g(x). Let j = -95 - v. Calculate the remainder when j is divided by 14.
10
Suppose -2*j - 4*o + 102 = 0, 0 = 5*j + 2*o - 124 - 155. What is the remainder when 2328 is divided by j?
48
Let w(i) = -i**3 + 22*i**2 + 251*i + 90. What is the remainder when w(30) is divided by 86?
76
Suppose 170 = k - 3*z, 3*z + 522 = -k + 4*k. Suppose -51*h = -35*h - k. What is the remainder when h is divided by 3?
2
Let r = 15221 - 15202. Calculate the remainder when 36 is divided by r.
17
Let c(s) = s + 5. Let m(y) = -33*y - 46. Suppose 47 - 17 = -10*f. Calculate the remainder when m(f) is divided by c(4).
8
Let q = -13 + 19. What is the remainder when (2 - (-69)/12) + ((-38)/8 - -5) is divided by q?
2
Suppose 3*f = 3*n - 2*f - 11, -2*f - 10 = -4*n. Let i(g) = 4 + 13*g + g**3 - 8 - 267*g**n + 261*g**2. Calculate the remainder when i(5) is divided by 21.
15
Suppose -16*b + 15145 = 186*b - 5661. What is the remainder when b is divided by 96?
7
Let g(n) = 2*n**2 + 51. Calculate the remainder when g(0) is divided by (-6 - 4) + 58 + 0.
3
Suppose 574 = 2*v - 36. Suppose 0 = 4*w + 3*y - 244, -5*w + 0*y = -5*y - v. Calculate the remainder when w is divided by 24.
13
Calculate the remainder when 865 - 10 - -11 - (2 - -1 - 0) is divided by 286.
5
Suppose -827*c + 806*c + 126 = 0. Suppose 2*x = -20 + 72. Suppose -3*h + 1 + x = 0. What is the remainder when h is divided by c?
3
Let f = -2918 - -3063. Calculate the remainder when f is divided by 94.
51
Let d = 969 - 954. What is the remainder when 434 is divided by d?
14
Suppose -3*k + 5*o + 30 = 5, -4*o = 20. Suppose -25*a + 20*a + 4*h + 2018 = k, h + 2027 = 5*a. Calculate the remainder when a is divided by 24.
22
Let w(k) = k**3 - 4*k**2 - 9*k - 50. Suppose 16 = 4*s + 4*t, -t - 2*t - 30 = -3*s. What is the remainder when w(7) is divided by s?
6
Suppose 4*y = 2*l + 1038, 131 = -3*y - l + 912. Suppose 60 = -f - 0*f - 2*c, 5*f + y = -2*c. Let h = -39 - f. Calculate the remainder when 17 is divided by h.
6
Let p(v) = v**2 + 7*v + 20. Let q be p(-8). Let r = q + 16. Suppose 0 = -5*g + 4*x + 49, 5*g - 37 = -4*x + r. What is the remainder when 75 is divided by g?
10
Suppose -5*s + 346 = 3*p, 0 = 2*p - 0*s + s - 226. What is the remainder when 656 is divided by p?
96
Let w(l) be the second derivative of -1/10*l**5 - 1/2*l**2 - 13*l + 1/4*l**4 + 0*l**3 + 0. Calculate the remainder when w(-2) is divided by 6.
3
Let n = -23712 + 23740. Let b = -27 + 109. Calculate the remainder when b is divided by n.
26
Let k(f) = f**3 + 13*f**2 + 24*f + 68. What is the remainder when k(-10) is divided by 2?
0
Let k = 6541 + -6334. What is the remainder when 622 is divided by k?
1
Let n(h) = 16*h**2 - 3*h - 6. Let t be n(3). What is the remainder when 24/1 + 4 + -5 is divided by t/10 - 1/(-10)?
10
Calculate the remainder when (-2)/(-104)*4 + -1 + 24040/130 is divided by 111.
73
Suppose -3*d + 0*n + 33 = 3*n, 2*d + 5*n - 13 = 0. Calculate the remainder when 183 is divided by d/(-4) + 1035/46.
12
Calculate the remainder when 3177 is divided by 3 + 748/4 + 1*(-9 - -7).
169
Calculate the remainder when 3209 is divided by (592/74 - (-1)/(3/(-27)))*-19.
17
Let j(n) = 4*n**2 + 22 - 3*n**2 + 14 - 43 + n. What is the remainder when 12 is divided by j(3)?
2
Suppose -3*d = -2*v - 7 + 119, -3*d = 4*v - 242. What is the remainder when 279 is divided by v?
43
Let g = -4760 - -4887. Calculate the remainder when 254 is divided by g.
0
Suppose -13*f - 6 = 20. Let s(h) = 26*h**2 + h. Calculate the remainder when (1 - -96)*1/f*-2 is divided by s(-1).
22
Calculate the remainder when 3224 is divided by -6*4*(-13)/(-14)*(-2338)/1002.
0
Let u = 1016 - 993. What is the remainder when u is divided by 19?
4
Suppose -6079 = 3*o + z - 6402, 4*z + 510 = 5*o. Suppose 4*s - 16 = -b, 143 = 5*b - 0*s - s. Calculate the remainder when o is divided by b.
22
Suppose -56*w + 4004 = -42*w. What is the remainder when w is divided by 261?
25
Suppose -379935*k + 379843*k + 1564 = 0. Let r(f) = -73*f. What is the remainder when r(-3) is divided by k?
15
Let w(j) = -j**3 + 3*j**2 + 28. Let l be w(5). Let a(f) = 2*f**2 + 40*f - 3. Calculate the remainder when a(l) is divided by 38.
9
Calculate the remainder when (-18)/(-27) - ((-26848)/102 + 4/(-34)) is divided by 32.
8
Let c(b) = -3*b**2 + 18*b + 9. What is the remainder when (-264)/(-6) + -5 - 1 is divided by c(3)?
2
Let i = 2 - 2. Suppose i = l - 11 - 30. Let b = 1701 - 1679. What is the remainder when l is divided by b?
19
Let h be 32/6*(-75)/(-2). Suppose 5*n = -v - 4*v + h, n - 5 = 0. Calculate the remainder when 559 is divided by v.
34
Suppose 28*b - 3687 - 4405 = 0. Let a = -255 + b. What is the remainder when 40 is divided by a?
6
Let w = -413 - -421. Let x = -23 - -7. Let q = 39 + x. What is the remainder when q is divided by w?
7
Let f = -257 + 674. Suppose -f = -16*i - 97. What is the remainder when 254/5 + (-3)/(-15) is divided by i?
11
Let m be 4*(-12)/(-16) - (-2 + 1). Suppose m*y + 17 = 165. Calculate the remainder when y is divided by 20.
17
Suppose 80 = -21*x + 5*x. Let b(t) = 3*t + 25. What is the remainder when 99 is divided by b(x)?
9
Let d = 3609 - 1695. What is the remainder when d is divided by 40?
34
Suppose -2*y = 158 - 452. Let k = 174 - y. What is the remainder when 159 is divided by k?
24
Suppose -5*q = -0*q - 300. Suppose 0 = 35*a - 574 + 2569. Let u = a + q. Calculate the remainder when 11 is divided by u.
2
Suppose -2*k + 146 + 110 = 0. Suppose -32*n = -31*n - k. Suppose 4*c + 12 = n. What is the remainder when c is divided by 11?
7
Let p(c) be the third derivative of c**6/120 - 29*c**5/60 + c**4/8 - 43*c**3/6 - 134*c**2. Calculate the remainder when p(29) is divided by 